{"id":6667,"date":"2024-01-18T13:58:26","date_gmt":"2024-01-18T16:58:26","guid":{"rendered":"https:\/\/esferasistemadigital.com.br\/visa\/?page_id=6667"},"modified":"2025-07-07T12:01:35","modified_gmt":"2025-07-07T15:01:35","slug":"segunda-via-de-documentos","status":"publish","type":"page","link":"https:\/\/esferasistemadigital.com.br\/visa\/segunda-via-de-documentos\/","title":{"rendered":"SEGUNDA VIA DE DOCUMENTOS"},"content":{"rendered":"\t\t<div data-elementor-type=\"wp-page\" data-elementor-id=\"6667\" class=\"elementor elementor-6667\" data-elementor-settings=\"{&quot;ha_cmc_init_switcher&quot;:&quot;no&quot;}\">\n\t\t\t\t<div class=\"elementor-element elementor-element-57e7678 e-flex e-con-boxed wpr-particle-no wpr-jarallax-no wpr-parallax-no wpr-sticky-section-no e-con e-parent\" data-id=\"57e7678\" data-element_type=\"container\" data-settings=\"{&quot;_ha_eqh_enable&quot;:false}\">\n\t\t\t\t\t<div class=\"e-con-inner\">\n\t\t<div class=\"elementor-element elementor-element-4dfdaae e-flex e-con-boxed wpr-particle-no wpr-jarallax-no wpr-parallax-no wpr-sticky-section-no e-con e-child\" data-id=\"4dfdaae\" data-element_type=\"container\" data-settings=\"{&quot;_ha_eqh_enable&quot;:false}\">\n\t\t\t\t\t<div class=\"e-con-inner\">\n\t\t\t\t<div class=\"elementor-element elementor-element-1d29d77 elementor-position-inline-start elementor-mobile-position-inline-start elementor-view-stacked elementor-shape-circle elementor-widget elementor-widget-icon-box\" data-id=\"1d29d77\" data-element_type=\"widget\" data-widget_type=\"icon-box.default\">\n\t\t\t\t<div class=\"elementor-widget-container\">\n\t\t\t\t\t\t\t<div class=\"elementor-icon-box-wrapper\">\n\n\t\t\t\t\t\t<div class=\"elementor-icon-box-icon\">\n\t\t\t\t<span  class=\"elementor-icon\">\n\t\t\t\t<svg aria-hidden=\"true\" class=\"e-font-icon-svg e-fas-file-export\" viewBox=\"0 0 576 512\" xmlns=\"http:\/\/www.w3.org\/2000\/svg\"><path d=\"M384 121.9c0-6.3-2.5-12.4-7-16.9L279.1 7c-4.5-4.5-10.6-7-17-7H256v128h128zM571 308l-95.7-96.4c-10.1-10.1-27.4-3-27.4 11.3V288h-64v64h64v65.2c0 14.3 17.3 21.4 27.4 11.3L571 332c6.6-6.6 6.6-17.4 0-24zm-379 28v-32c0-8.8 7.2-16 16-16h176V160H248c-13.2 0-24-10.8-24-24V0H24C10.7 0 0 10.7 0 24v464c0 13.3 10.7 24 24 24h336c13.3 0 24-10.7 24-24V352H208c-8.8 0-16-7.2-16-16z\"><\/path><\/svg>\t\t\t\t<\/span>\n\t\t\t<\/div>\n\t\t\t\n\t\t\t\t\t\t<div class=\"elementor-icon-box-content\">\n\n\t\t\t\t\t\t\t\t\t<h3 class=\"elementor-icon-box-title\">\n\t\t\t\t\t\t<span  >\n\t\t\t\t\t\t\tSEGUNDA VIA DE DOCUMENTOS\t\t\t\t\t\t<\/span>\n\t\t\t\t\t<\/h3>\n\t\t\t\t\n\t\t\t\t\n\t\t\t<\/div>\n\t\t\t\n\t\t<\/div>\n\t\t\t\t\t\t<\/div>\n\t\t\t\t<\/div>\n\t\t\t\t\t<\/div>\n\t\t\t\t<\/div>\n\t\t\t\t\t<\/div>\n\t\t\t\t<\/div>\n\t\t<div class=\"elementor-element elementor-element-1bf2ce4 e-flex e-con-boxed wpr-particle-no wpr-jarallax-no wpr-parallax-no wpr-sticky-section-no e-con e-parent\" data-id=\"1bf2ce4\" data-element_type=\"container\" data-settings=\"{&quot;_ha_eqh_enable&quot;:false}\">\n\t\t\t\t\t<div class=\"e-con-inner\">\n\t\t\t\t<div class=\"elementor-element elementor-element-8667d63 elementor-widget elementor-widget-button\" data-id=\"8667d63\" data-element_type=\"widget\" data-widget_type=\"button.default\">\n\t\t\t\t<div class=\"elementor-widget-container\">\n\t\t\t\t\t\t\t\t\t<div class=\"elementor-button-wrapper\">\n\t\t\t\t\t<a class=\"elementor-button elementor-button-link elementor-size-xs\" href=\"https:\/\/esferasistemadigital.com.br\/visa\/index.php\/alvara-sanitario\/\">\n\t\t\t\t\t\t<span class=\"elementor-button-content-wrapper\">\n\t\t\t\t\t\t<span class=\"elementor-button-icon\">\n\t\t\t\t<svg aria-hidden=\"true\" class=\"e-font-icon-svg e-fas-angle-double-left\" viewBox=\"0 0 448 512\" xmlns=\"http:\/\/www.w3.org\/2000\/svg\"><path d=\"M223.7 239l136-136c9.4-9.4 24.6-9.4 33.9 0l22.6 22.6c9.4 9.4 9.4 24.6 0 33.9L319.9 256l96.4 96.4c9.4 9.4 9.4 24.6 0 33.9L393.7 409c-9.4 9.4-24.6 9.4-33.9 0l-136-136c-9.5-9.4-9.5-24.6-.1-34zm-192 34l136 136c9.4 9.4 24.6 9.4 33.9 0l22.6-22.6c9.4-9.4 9.4-24.6 0-33.9L127.9 256l96.4-96.4c9.4-9.4 9.4-24.6 0-33.9L201.7 103c-9.4-9.4-24.6-9.4-33.9 0l-136 136c-9.5 9.4-9.5 24.6-.1 34z\"><\/path><\/svg>\t\t\t<\/span>\n\t\t\t\t\t\t\t\t\t<span class=\"elementor-button-text\">voltar<\/span>\n\t\t\t\t\t<\/span>\n\t\t\t\t\t<\/a>\n\t\t\t\t<\/div>\n\t\t\t\t\t\t\t\t<\/div>\n\t\t\t\t<\/div>\n\t\t\t\t\t<\/div>\n\t\t\t\t<\/div>\n\t\t<div class=\"elementor-element elementor-element-46b0ea8 e-flex e-con-boxed wpr-particle-no wpr-jarallax-no wpr-parallax-no wpr-sticky-section-no e-con e-parent\" data-id=\"46b0ea8\" data-element_type=\"container\" data-settings=\"{&quot;_ha_eqh_enable&quot;:false}\">\n\t\t\t\t\t<div class=\"e-con-inner\">\n\t\t<div class=\"elementor-element elementor-element-965891f e-con-full e-flex wpr-particle-no wpr-jarallax-no wpr-parallax-no wpr-sticky-section-no e-con e-child\" data-id=\"965891f\" data-element_type=\"container\" data-settings=\"{&quot;_ha_eqh_enable&quot;:false}\">\n\t\t\t\t<div class=\"elementor-element elementor-element-c1657ff elementor-widget elementor-widget-text-editor\" data-id=\"c1657ff\" data-element_type=\"widget\" data-widget_type=\"text-editor.default\">\n\t\t\t\t<div class=\"elementor-widget-container\">\n\t\t\t\t\t\t\t\t\t<p><span style=\"font-weight: 400;\">Emiss\u00e3o de 2\u00aa via de documento expedido pelo Setor de Vigil\u00e2ncia Sanit\u00e1ria para casos de extravio, roubo ou danos que comprometam a identifica\u00e7\u00e3o do documento anteriormente emitido.<\/span><\/p>\t\t\t\t\t\t\t\t<\/div>\n\t\t\t\t<\/div>\n\t\t\t\t<\/div>\n\t\t\t\t\t<\/div>\n\t\t\t\t<\/div>\n\t\t<div class=\"elementor-element elementor-element-03ac06a e-flex e-con-boxed wpr-particle-no wpr-jarallax-no wpr-parallax-no wpr-sticky-section-no e-con e-parent\" data-id=\"03ac06a\" data-element_type=\"container\" data-settings=\"{&quot;_ha_eqh_enable&quot;:false}\">\n\t\t\t\t\t<div class=\"e-con-inner\">\n\t\t<div class=\"elementor-element elementor-element-cc94a10 e-con-full e-flex wpr-particle-no wpr-jarallax-no wpr-parallax-no wpr-sticky-section-no e-con e-child\" data-id=\"cc94a10\" data-element_type=\"container\" data-settings=\"{&quot;_ha_eqh_enable&quot;:false}\">\n\t\t\t\t<div class=\"elementor-element elementor-element-ab54610 elementor-widget elementor-widget-heading\" data-id=\"ab54610\" data-element_type=\"widget\" data-widget_type=\"heading.default\">\n\t\t\t\t<div class=\"elementor-widget-container\">\n\t\t\t\t\t<h3 class=\"elementor-heading-title elementor-size-default\">Informa\u00e7\u00f5es Complementares<\/h3>\t\t\t\t<\/div>\n\t\t\t\t<\/div>\n\t\t\t\t<\/div>\n\t\t\t\t\t<\/div>\n\t\t\t\t<\/div>\n\t\t<div class=\"elementor-element elementor-element-1352eee e-flex e-con-boxed wpr-particle-no wpr-jarallax-no wpr-parallax-no wpr-sticky-section-no e-con e-parent\" data-id=\"1352eee\" data-element_type=\"container\" data-settings=\"{&quot;_ha_eqh_enable&quot;:false}\">\n\t\t\t\t\t<div class=\"e-con-inner\">\n\t\t<div class=\"elementor-element elementor-element-b8f67e9 e-con-full e-flex wpr-particle-no wpr-jarallax-no wpr-parallax-no wpr-sticky-section-no e-con e-child\" data-id=\"b8f67e9\" data-element_type=\"container\" data-settings=\"{&quot;_ha_eqh_enable&quot;:false}\">\n\t\t\t\t<div class=\"elementor-element elementor-element-8c63d71 elementor-widget elementor-widget-toggle\" data-id=\"8c63d71\" data-element_type=\"widget\" data-widget_type=\"toggle.default\">\n\t\t\t\t<div class=\"elementor-widget-container\">\n\t\t\t\t\t\t\t<div class=\"elementor-toggle\">\n\t\t\t\t\t\t\t<div class=\"elementor-toggle-item\">\n\t\t\t\t\t<div id=\"elementor-tab-title-1471\" class=\"elementor-tab-title\" data-tab=\"1\" role=\"button\" aria-controls=\"elementor-tab-content-1471\" aria-expanded=\"false\">\n\t\t\t\t\t\t\t\t\t\t\t\t<a class=\"elementor-toggle-title\" tabindex=\"0\">1) Quem pode utilizar este servi\u00e7o?<\/a>\n\t\t\t\t\t<\/div>\n\n\t\t\t\t\t<div id=\"elementor-tab-content-1471\" class=\"elementor-tab-content elementor-clearfix\" data-tab=\"1\" role=\"region\" aria-labelledby=\"elementor-tab-title-1471\"><p align=\"justify\"><span style=\"font-weight: 400;\">Respons\u00e1vel Legal e\/ou t\u00e9cnico de estabelecimentos sujeitos ao controle sanit\u00e1rio (pessoa f\u00edsica ou jur\u00eddica)<\/span><\/p><\/div>\n\t\t\t\t<\/div>\n\t\t\t\t\t\t\t<div class=\"elementor-toggle-item\">\n\t\t\t\t\t<div id=\"elementor-tab-title-1472\" class=\"elementor-tab-title\" data-tab=\"2\" role=\"button\" aria-controls=\"elementor-tab-content-1472\" aria-expanded=\"false\">\n\t\t\t\t\t\t\t\t\t\t\t\t<a class=\"elementor-toggle-title\" tabindex=\"0\">2) Como fa\u00e7o para solicitar a 2\u00aa via de documento expedido pela Vigil\u00e2ncia Sanit\u00e1ria?<\/a>\n\t\t\t\t\t<\/div>\n\n\t\t\t\t\t<div id=\"elementor-tab-content-1472\" class=\"elementor-tab-content elementor-clearfix\" data-tab=\"2\" role=\"region\" aria-labelledby=\"elementor-tab-title-1472\"><p><span style=\"font-weight: 400;\">A solicita\u00e7\u00e3o de 2\u00aa via de documentos expedido pela Vigil\u00e2ncia Sanit\u00e1ria deve ser solicitada preferencialmente de forma eletr\u00f4nica, atrav\u00e9s do portal e-VISA Cidad\u00e3o <\/span><span style=\"font-weight: 400;\">(<\/span><a href=\"https:\/\/esferasistemadigital.com.br\/visa\/evisa\/\"><span style=\"font-weight: 400;\">https:\/\/esferasistemadigital.com.br\/visa\/evisa\/<\/span><\/a><span style=\"font-weight: 400;\"> ).<\/span><\/p><p><span style=\"font-weight: 400;\">O requerente dever\u00e1 realizar o cadastro no sistema e iniciar um novo requerimento, selecionando o motivo espec\u00edfico da solicita\u00e7\u00e3o. No portal, est\u00e1 dispon\u00edvel um manual com todas as orienta\u00e7\u00f5es para cadastro e realiza\u00e7\u00e3o de requerimentos.<\/span><\/p><\/div>\n\t\t\t\t<\/div>\n\t\t\t\t\t\t\t<div class=\"elementor-toggle-item\">\n\t\t\t\t\t<div id=\"elementor-tab-title-1473\" class=\"elementor-tab-title\" data-tab=\"3\" role=\"button\" aria-controls=\"elementor-tab-content-1473\" aria-expanded=\"false\">\n\t\t\t\t\t\t\t\t\t\t\t\t<a class=\"elementor-toggle-title\" tabindex=\"0\">3) Quais as documenta\u00e7\u00f5es necess\u00e1rias para requerer a 2\u00aa via de documento?<\/a>\n\t\t\t\t\t<\/div>\n\n\t\t\t\t\t<div id=\"elementor-tab-content-1473\" class=\"elementor-tab-content elementor-clearfix\" data-tab=\"3\" role=\"region\" aria-labelledby=\"elementor-tab-title-1473\"><ul><li style=\"font-weight: 400;\" aria-level=\"1\"><span style=\"font-weight: 400;\">Requerimento devidamente assinado pelo Respons\u00e1vel Legal (gerado automaticamente pelo sistema e-VISA Cidad\u00e3o);<\/span><\/li><li style=\"font-weight: 400;\" aria-level=\"1\"><span style=\"font-weight: 400;\">Comprovante de pagamento da taxa de servi\u00e7os de Vigil\u00e2ncia Sanit\u00e1ria<\/span><\/li><\/ul><\/div>\n\t\t\t\t<\/div>\n\t\t\t\t\t\t\t<div class=\"elementor-toggle-item\">\n\t\t\t\t\t<div id=\"elementor-tab-title-1474\" class=\"elementor-tab-title\" data-tab=\"4\" role=\"button\" aria-controls=\"elementor-tab-content-1474\" aria-expanded=\"false\">\n\t\t\t\t\t\t\t\t\t\t\t\t<a class=\"elementor-toggle-title\" tabindex=\"0\">4) Como fa\u00e7o para requerer o boleto para pagamento da taxa do Alvar\u00e1 Sanit\u00e1rio?<\/a>\n\t\t\t\t\t<\/div>\n\n\t\t\t\t\t<div id=\"elementor-tab-content-1474\" class=\"elementor-tab-content elementor-clearfix\" data-tab=\"4\" role=\"region\" aria-labelledby=\"elementor-tab-title-1474\"><p align=\"justify\"><span style=\"font-weight: 400;\">A Guia para pagamento da taxa \u00e9 gerada pelo sistema e-VISA Cidad\u00e3o, conforme as informa\u00e7\u00f5es prestadas durante o processo de requerimento.<\/span><\/p><\/div>\n\t\t\t\t<\/div>\n\t\t\t\t\t\t\t<div class=\"elementor-toggle-item\">\n\t\t\t\t\t<div id=\"elementor-tab-title-1475\" class=\"elementor-tab-title\" data-tab=\"5\" role=\"button\" aria-controls=\"elementor-tab-content-1475\" aria-expanded=\"false\">\n\t\t\t\t\t\t\t\t\t\t\t\t<a class=\"elementor-toggle-title\" tabindex=\"0\">5) Qual o valor da taxa?<\/a>\n\t\t\t\t\t<\/div>\n\n\t\t\t\t\t<div id=\"elementor-tab-content-1475\" class=\"elementor-tab-content elementor-clearfix\" data-tab=\"5\" role=\"region\" aria-labelledby=\"elementor-tab-title-1475\"><p align=\"justify\"><span style=\"font-weight: 400;\">Os valores da taxa foram estabelecidos na Lei Complementar n\u00ba4\/2019 e s\u00e3o atualizados anualmente. Os valores podem ser consultados no documento \u201cRela\u00e7\u00e3o das taxas de servi\u00e7os de Vigil\u00e2ncia Sanit\u00e1ria &#8211; Ano XXXX\u201d dispon\u00edvel no endere\u00e7o eletr\u00f4nico ( <\/span><a href=\"https:\/\/esferasistemadigital.com.br\/visa\/index.php\/taxas\/\"><span style=\"font-weight: 400;\">https:\/\/esferasistemadigital.com.br\/visa\/index.php\/taxas\/<\/span><\/a><span style=\"font-weight: 400;\">).<\/span><\/p><\/div>\n\t\t\t\t<\/div>\n\t\t\t\t\t\t\t<div class=\"elementor-toggle-item\">\n\t\t\t\t\t<div id=\"elementor-tab-title-1476\" class=\"elementor-tab-title\" data-tab=\"6\" role=\"button\" aria-controls=\"elementor-tab-content-1476\" aria-expanded=\"false\">\n\t\t\t\t\t\t\t\t\t\t\t\t<a class=\"elementor-toggle-title\" tabindex=\"0\">6) Quais estabelecimentos s\u00e3o isentos do pagamento da taxa?<\/a>\n\t\t\t\t\t<\/div>\n\n\t\t\t\t\t<div id=\"elementor-tab-content-1476\" class=\"elementor-tab-content elementor-clearfix\" data-tab=\"6\" role=\"region\" aria-labelledby=\"elementor-tab-title-1476\"><p><span style=\"font-weight: 400;\">S\u00e3o isentos da Taxa de Servi\u00e7os de Vigil\u00e2ncia Sanit\u00e1ria:\u00a0<\/span><\/p><p><span style=\"font-weight: 400;\">I &#8211; \u00f3rg\u00e3os da administra\u00e7\u00e3o direta, autarquias e funda\u00e7\u00f5es institu\u00eddas e mantidas pelo Poder P\u00fablico;\u00a0<\/span><\/p><p><span style=\"font-weight: 400;\">II &#8211; associa\u00e7\u00f5es, funda\u00e7\u00f5es, entidades de car\u00e1ter beneficente, filantr\u00f3pico, caritativo ou religioso que n\u00e3o remunerem seus dirigentes, n\u00e3o distribuam lucros a qualquer t\u00edtulo e apliquem seus recursos na manuten\u00e7\u00e3o e desenvolvimento dos objetivos sociais.\u00a0<\/span><\/p><p><span style=\"font-weight: 400;\">III \u2013 microempreendedor individual, nos termos da Lei Complementar Federal no 123\/2006.\u00a0<\/span><\/p><p><span style=\"font-weight: 400;\">IV &#8211; outros previstos por legisla\u00e7\u00f5es pr\u00f3prias.<\/span><\/p><\/div>\n\t\t\t\t<\/div>\n\t\t\t\t\t\t\t<div class=\"elementor-toggle-item\">\n\t\t\t\t\t<div id=\"elementor-tab-title-1477\" class=\"elementor-tab-title\" data-tab=\"7\" role=\"button\" aria-controls=\"elementor-tab-content-1477\" aria-expanded=\"false\">\n\t\t\t\t\t\t\t\t\t\t\t\t<a class=\"elementor-toggle-title\" tabindex=\"0\">7) Qual o prazo para emiss\u00e3o dos documentos solicitados?<\/a>\n\t\t\t\t\t<\/div>\n\n\t\t\t\t\t<div id=\"elementor-tab-content-1477\" class=\"elementor-tab-content elementor-clearfix\" data-tab=\"7\" role=\"region\" aria-labelledby=\"elementor-tab-title-1477\"><p align=\"justify\"><span style=\"font-weight: 400;\">30 dias ap\u00f3s o aceite do requerimento.<\/span><\/p><\/div>\n\t\t\t\t<\/div>\n\t\t\t\t\t\t\t<div class=\"elementor-toggle-item\">\n\t\t\t\t\t<div id=\"elementor-tab-title-1478\" class=\"elementor-tab-title\" data-tab=\"8\" role=\"button\" aria-controls=\"elementor-tab-content-1478\" aria-expanded=\"false\">\n\t\t\t\t\t\t\t\t\t\t\t\t<a class=\"elementor-toggle-title\" tabindex=\"0\">8) Como terei acesso aos documentos solicitados?<\/a>\n\t\t\t\t\t<\/div>\n\n\t\t\t\t\t<div id=\"elementor-tab-content-1478\" class=\"elementor-tab-content elementor-clearfix\" data-tab=\"8\" role=\"region\" aria-labelledby=\"elementor-tab-title-1478\"><p align=\"justify\"><span style=\"font-weight: 400;\">O documento ser\u00e1 expedido atrav\u00e9s do portal e-VISA Cidad\u00e3o, e o requerente receber\u00e1 uma notifica\u00e7\u00e3o via e-mail cadastrado quando o documento estiver dispon\u00edvel para consulta na \u00e1rea do requerente.<\/span><\/p><\/div>\n\t\t\t\t<\/div>\n\t\t\t\t\t\t\t\t<\/div>\n\t\t\t\t\t\t<\/div>\n\t\t\t\t<\/div>\n\t\t\t\t<\/div>\n\t\t\t\t\t<\/div>\n\t\t\t\t<\/div>\n\t\t\t\t<section class=\"elementor-section elementor-top-section elementor-element elementor-element-5564eaf8 elementor-section-boxed elementor-section-height-default elementor-section-height-default wpr-particle-no wpr-jarallax-no wpr-parallax-no wpr-sticky-section-no\" data-id=\"5564eaf8\" data-element_type=\"section\" data-settings=\"{&quot;background_background&quot;:&quot;classic&quot;,&quot;_ha_eqh_enable&quot;:false}\">\n\t\t\t\t\t\t<div class=\"elementor-container elementor-column-gap-default\">\n\t\t\t\t\t<div class=\"elementor-column elementor-col-100 elementor-top-column elementor-element elementor-element-70a82797\" data-id=\"70a82797\" data-element_type=\"column\">\n\t\t\t<div class=\"elementor-widget-wrap\">\n\t\t\t\t\t\t\t<\/div>\n\t\t<\/div>\n\t\t\t\t\t<\/div>\n\t\t<\/section>\n\t\t<div class=\"elementor-element elementor-element-7251812 e-flex e-con-boxed wpr-particle-no wpr-jarallax-no wpr-parallax-no wpr-sticky-section-no e-con e-parent\" data-id=\"7251812\" data-element_type=\"container\" data-settings=\"{&quot;_ha_eqh_enable&quot;:false}\">\n\t\t\t\t\t<div class=\"e-con-inner\">\n\t\t\t\t\t<\/div>\n\t\t\t\t<\/div>\n\t\t\t\t<\/div>\n\t\t","protected":false},"excerpt":{"rendered":"<p>SEGUNDA VIA DE DOCUMENTOS voltar Emiss\u00e3o de 2\u00aa via de documento expedido pelo Setor de Vigil\u00e2ncia Sanit\u00e1ria para casos de extravio, roubo ou danos que comprometam a identifica\u00e7\u00e3o do documento anteriormente emitido. Informa\u00e7\u00f5es Complementares 1) Quem pode utilizar este servi\u00e7o? Respons\u00e1vel Legal e\/ou t\u00e9cnico de estabelecimentos sujeitos ao controle sanit\u00e1rio (pessoa f\u00edsica ou jur\u00eddica) 2) Como fa\u00e7o para solicitar a 2\u00aa via de documento expedido pela Vigil\u00e2ncia Sanit\u00e1ria? A solicita\u00e7\u00e3o de 2\u00aa via de documentos expedido pela Vigil\u00e2ncia Sanit\u00e1ria deve ser solicitada preferencialmente de forma eletr\u00f4nica, atrav\u00e9s do portal e-VISA Cidad\u00e3o (https:\/\/esferasistemadigital.com.br\/visa\/evisa\/ ). O requerente dever\u00e1 realizar o cadastro no sistema e iniciar um novo requerimento, selecionando o motivo espec\u00edfico da solicita\u00e7\u00e3o. No portal, est\u00e1 dispon\u00edvel um manual com todas as orienta\u00e7\u00f5es para cadastro e realiza\u00e7\u00e3o de requerimentos. 3) Quais as documenta\u00e7\u00f5es necess\u00e1rias para requerer a 2\u00aa via de documento? Requerimento devidamente assinado pelo Respons\u00e1vel Legal (gerado automaticamente pelo sistema e-VISA Cidad\u00e3o); Comprovante de pagamento da taxa de servi\u00e7os de Vigil\u00e2ncia Sanit\u00e1ria 4) Como fa\u00e7o para requerer o boleto para pagamento da taxa do Alvar\u00e1 Sanit\u00e1rio? A Guia para pagamento da taxa \u00e9 gerada pelo sistema e-VISA Cidad\u00e3o, conforme as informa\u00e7\u00f5es prestadas durante o processo de requerimento. 5) Qual o valor da taxa? Os valores da taxa foram estabelecidos na Lei Complementar n\u00ba4\/2019 e s\u00e3o atualizados anualmente. Os valores podem ser consultados no documento \u201cRela\u00e7\u00e3o das taxas de servi\u00e7os de Vigil\u00e2ncia Sanit\u00e1ria &#8211; Ano XXXX\u201d dispon\u00edvel no endere\u00e7o eletr\u00f4nico ( https:\/\/esferasistemadigital.com.br\/visa\/index.php\/taxas\/). 6) Quais estabelecimentos s\u00e3o isentos do pagamento da taxa? S\u00e3o isentos da Taxa de Servi\u00e7os de Vigil\u00e2ncia Sanit\u00e1ria:\u00a0 I &#8211; \u00f3rg\u00e3os da administra\u00e7\u00e3o direta, autarquias e funda\u00e7\u00f5es institu\u00eddas e mantidas pelo Poder P\u00fablico;\u00a0 II &#8211; associa\u00e7\u00f5es, funda\u00e7\u00f5es, entidades de car\u00e1ter beneficente, filantr\u00f3pico, caritativo ou religioso que n\u00e3o remunerem seus dirigentes, n\u00e3o distribuam lucros a qualquer t\u00edtulo e apliquem seus recursos na manuten\u00e7\u00e3o e desenvolvimento dos objetivos sociais.\u00a0 III \u2013 microempreendedor individual, nos termos da Lei Complementar Federal no 123\/2006.\u00a0 IV &#8211; outros previstos por legisla\u00e7\u00f5es pr\u00f3prias. 7) Qual o prazo para emiss\u00e3o dos documentos solicitados? 30 dias ap\u00f3s o aceite do requerimento. 8) Como terei acesso aos documentos solicitados? O documento ser\u00e1 expedido atrav\u00e9s do portal e-VISA Cidad\u00e3o, e o requerente receber\u00e1 uma notifica\u00e7\u00e3o via e-mail cadastrado quando o documento estiver dispon\u00edvel para consulta na \u00e1rea do requerente.<\/p>\n","protected":false},"author":1,"featured_media":0,"parent":0,"menu_order":0,"comment_status":"closed","ping_status":"closed","template":"elementor_canvas","meta":{"ngg_post_thumbnail":0,"footnotes":""},"class_list":["post-6667","page","type-page","status-publish","hentry"],"_hostinger_reach_plugin_has_subscription_block":false,"_hostinger_reach_plugin_is_elementor":false,"_links":{"self":[{"href":"https:\/\/esferasistemadigital.com.br\/visa\/wp-json\/wp\/v2\/pages\/6667","targetHints":{"allow":["GET"]}}],"collection":[{"href":"https:\/\/esferasistemadigital.com.br\/visa\/wp-json\/wp\/v2\/pages"}],"about":[{"href":"https:\/\/esferasistemadigital.com.br\/visa\/wp-json\/wp\/v2\/types\/page"}],"author":[{"embeddable":true,"href":"https:\/\/esferasistemadigital.com.br\/visa\/wp-json\/wp\/v2\/users\/1"}],"replies":[{"embeddable":true,"href":"https:\/\/esferasistemadigital.com.br\/visa\/wp-json\/wp\/v2\/comments?post=6667"}],"version-history":[{"count":22,"href":"https:\/\/esferasistemadigital.com.br\/visa\/wp-json\/wp\/v2\/pages\/6667\/revisions"}],"predecessor-version":[{"id":8028,"href":"https:\/\/esferasistemadigital.com.br\/visa\/wp-json\/wp\/v2\/pages\/6667\/revisions\/8028"}],"wp:attachment":[{"href":"https:\/\/esferasistemadigital.com.br\/visa\/wp-json\/wp\/v2\/media?parent=6667"}],"curies":[{"name":"wp","href":"https:\/\/api.w.org\/{rel}","templated":true}]}}